, 79, 11633
What are the prime factors of 552098637?
3, 19, 797, 4051
List the prime factors of 8571683.
8571683
List the prime factors of 46283411.
19, 37, 65837
List the prime factors of 492680723.
17, 23, 41, 73, 421
List the prime factors of 30750864.
2, 3, 101, 6343
List the prime factors of 35564463.
3, 11, 23, 15619
List the prime factors of 329885497.
329885497
What are the prime factors of 178301424?
2, 3, 7, 530659
What are the prime factors of 44724249?
3, 71, 69991
What are the prime factors of 525818094?
2, 3, 31, 2826979
What are the prime factors of 26585208?
2, 3, 13, 28403
What are the prime factors of 2001281023?
7, 285897289
What are the prime factors of 195442451?
571, 342281
List the prime factors of 108592725.
3, 5, 71, 20393
What are the prime factors of 12019723?
19, 31, 20407
What are the prime factors of 181597805?
5, 67, 542083
What are the prime factors of 443750310?
2, 3, 5, 149, 33091
List the prime factors of 1474921183.
67, 109, 201961
List the prime factors of 44637342.
2, 3, 17, 23, 53, 359
What are the prime factors of 203934007?
203934007
What are the prime factors of 57883020?
2, 3, 5, 13, 74209
What are the prime factors of 54643262?
2, 23, 1187897
List the prime factors of 377593767.
3, 109, 384907
What are the prime factors of 14890546?
2, 11, 71, 9533
List the prime factors of 1117474078.
2, 7, 79819577
What are the prime factors of 122072443?
3691, 33073
List the prime factors of 1041387049.
1041387049
List the prime factors of 365339590.
2, 5, 7, 11, 23, 421
What are the prime factors of 1962090520?
2, 5, 13, 317, 11903
List the prime factors of 42832180.
2, 5, 17, 263, 479
List the prime factors of 267000812.
2, 13, 541, 9491
List the prime factors of 1476468826.
2, 7, 2963, 35593
List the prime factors of 3785033.
7, 17, 1871
List the prime factors of 19770073.
19770073
What are the prime factors of 545045012?
2, 136261253
What are the prime factors of 48467622?
2, 3, 7, 43, 47, 571
List the prime factors of 1053231516.
2, 3, 29256431
List the prime factors of 214551196.
2, 41, 97, 13487
What are the prime factors of 869609554?
2, 11, 43, 919249
What are the prime factors of 349795996?
2, 11, 47, 15377
What are the prime factors of 10530347?
10530347
What are the prime factors of 2024229?
3, 29, 53, 439
List the prime factors of 3668280109.
13, 282175393
What are the prime factors of 34295743?
34295743
What are the prime factors of 1472812309?
3533, 416873
List the prime factors of 125590373.
17, 23, 321203
What are the prime factors of 53290396?
2, 983, 13553
List the prime factors of 53475156.
2, 3, 7, 212203
List the prime factors of 616667035.
5, 31, 3978497
List the prime factors of 51236179.
19, 2696641
List the prime factors of 159461258.
2, 11, 17, 593, 719
List the prime factors of 351061079.
263, 1334833
What are the prime factors of 852477500?
2, 5, 7, 6959
What are the prime factors of 4762151140?
2, 5, 109, 2184473
What are the prime factors of 61353792?
2, 3, 29, 3673
List the prime factors of 91024654.
2, 7, 132689
List the prime factors of 1274218977.
3, 139, 433, 7057
What are the prime factors of 1103181218?
2, 61, 397, 22777
List the prime factors of 34439777.
34439777
List the prime factors of 25335730.
2, 5, 7, 113, 3203
List the prime factors of 19375436.
2, 101, 199, 241
What are the prime factors of 5322443698?
2, 11, 13, 53, 137, 233
What are the prime factors of 860737841?
12097, 71153
List the prime factors of 5959204893.
3, 947, 699191
What are the prime factors of 87150947?
13, 37, 409, 443
What are the prime factors of 25008701?
29, 862369
List the prime factors of 250016488.
2, 31, 1008131
List the prime factors of 988072701.
3, 7, 11, 167, 3659
List the prime factors of 649830695.
5, 17, 29, 47, 71, 79
List the prime factors of 40678415.
5, 229, 35527
What are the prime factors of 63151259?
823, 76733
What are the prime factors of 1703801944?
2, 13, 1279, 12809
What are the prime factors of 2243847817?
16193, 138569
What are the prime factors of 665250675?
3, 5, 8870009
What are the prime factors of 293078175?
3, 5, 13, 300593
What are the prime factors of 5019845909?
13, 149, 17393
What are the prime factors of 215563967?
227, 949621
What are the prime factors of 1346832659?
2707, 497537
List the prime factors of 6347994408.
2, 3, 7, 4198409
What are the prime factors of 355851421?
73, 1997, 2441
What are the prime factors of 45023780?
2, 5, 31, 101, 719
List the prime factors of 844721897.
23, 53, 692963
What are the prime factors of 433458001?
19, 22813579
What are the prime factors of 142186029?
3, 337, 140639
List the prime factors of 249368284.
2, 11, 5667461
List the prime factors of 38788051.
23, 29, 58153
What are the prime factors of 24231060?
2, 3, 5, 7, 19231
What are the prime factors of 382831126?
2, 17, 73, 154243
What are the prime factors of 64013334?
2, 3, 7, 11, 127, 1091
List the prime factors of 2773890913.
43, 1997, 32303
List the prime factors of 3185680906.
2, 27653, 57601
List the prime factors of 823005717.
3, 17, 61, 137, 1931
List the prime factors of 393916716.
2, 3, 3647377
What are the prime factors of 125153735?
5, 7, 3575821
List the prime factors of 68285286.
2, 3, 3793627
List the prime factors of 130518537.
3, 17, 23, 111269
What are the prime factors of 70082233?
13, 1061, 5081
What are the prime factors of 1025383690?
2, 5, 5683, 18043
What are the prime factors of 130526890?
2, 5, 13, 1004053
What are the prime factors of 5050607314?
2, 2525303657
List the prime factors of 61938853.
149, 415697
What are the prime factors of 3780495705?
3, 5, 7, 36004721
What are the prime factors of 15653067?
3, 5217689
List the prime factors of 54583974.
2, 3, 17, 29, 6151
What are the prime factors of 752665331?
11, 41, 83, 20107
What are the prime factors of 769727968?
2, 79, 304481
List the prime factors of 978403998.
2, 3, 11, 13, 71, 16061
What are the prime factors of 304595925?
3, 5, 31, 131009
List the prime factors of 228234561.
3, 76078187
List the prime factors of 7873079.
157, 50147
List the prime factors of 19098469.
13, 113, 13001
What are the prime factors of 113891840?
2, 5, 17, 2617
What are the prime factors of 63530526?
2, 3, 10588421
List the prime factors of 439306281.
3, 79, 205957
List the prime factors of 71440976.
2, 59, 75679
What are the prime factors of 6261525?
3, 5, 17, 1637
What are the prime factors of 87057654?
2, 3, 233, 62273
What are the prime factors of 3704487852?
2, 3, 13, 1447, 16411
What are the prime factors of 211545282?
2, 3, 13, 2712119
List the prime factors of 4309160196.
2, 3, 11, 409, 79817
What are the prime factors of 75478556?
2, 18869639
What are the prime factors of 2586339666?
2, 3, 47895179
What are the prime factors of 67078383?
3, 22359461
List the prime factors of 38982240.
2, 3, 5, 11, 23, 107
What are the prime factors of 76189106?
2, 7, 71, 76649
List the prime factors of 621300212.
2, 13, 691, 17291
What are the prime factors of 115830819?
3, 13, 431, 2297
List the prime factors of 1855186648.
2, 7, 4732619
List the prime factors of 49227831.
3, 53, 11467
What are the prime factors of 215087571?
3, 151, 158269
List the prime factors of 523192970.
2, 5, 2281, 22937
What are the prime factors of 395937635?
5, 47, 373, 4517
List the prime factors of 110246461.
13, 1601, 5297
What are the prime factors of 2321537668?
2, 580384417
List the prime factors of 78945551.
19, 4155029
List the prime factors of 272835635.
5, 17, 311, 10321
List the prime factors of 34058070.
2, 3, 5, 19, 2213
What are the prime factors of 17395969?
29, 47, 12763
What are the prime factors of 2343438716?
2, 197, 877, 3391
What are the prime factors of 236048861?
236048861
List the prime factors of 21432451.
173, 123887
List the prime factors of 3029710145.
5, 7, 11, 179, 43963
List the prime factors of 683950343.
683950343
List the prime factors of 4083245.
5, 816649
What are the prime factors of 135947082?
2, 3, 719, 31513
What are the prime factors of 66404069?
19, 3494951
What are the prime factors of 395391723?
3, 67, 109, 18047
What are the prime factors of 1239970914?
2, 3, 7, 13, 58231
List the prime factors of 6437868576.
2, 3, 37, 193, 9391
List the prime factors of 110458120.
2, 5, 2761453
What are 